 -3 + q + -4 + 126.
3, 41
What are the prime factors of (-42855)/(-55) - (-6)/(-33)?
19, 41
Let o(g) = 22*g**2 + 8*g + 9. List the prime factors of o(4).
3, 131
Let l be 10*(-3 - (-85)/25). Suppose 5*d + 12 = -4*h, l*h + 5 = -3*d - 7. Suppose -w - 5 = d, -6*w = r - w + 1. What are the prime factors of r?
2, 3
Let r be -1 - (2 + -7) - 2. Suppose 34 = -r*o + 6. List the prime factors of (-572)/o - (-7)/49.
41
Let w(v) = -135*v - 2. Let c(x) = x**3 - 7*x**2 - 9*x + 7. Let f be c(8). List the prime factors of w(f).
7, 19
Let c be (-488)/6*(12/8)/1. Let l = c - -243. List the prime factors of l.
11
Let q = 33 - 28. Suppose 267 = q*i - 53. What are the prime factors of i?
2
Let p = 68 - -1872. What are the prime factors of p?
2, 5, 97
Let o be (-29 - 0)/(129/33 - 4). Suppose 7*p - 8*p + o = 0. List the prime factors of p.
11, 29
Let g = 15 + -9. Suppose -3*f + 6*f - g = 0. Suppose f*o + 16 = 92. List the prime factors of o.
2, 19
What are the prime factors of -2 + 0 - -2580 - (-38 - -40)?
2, 7, 23
Let l = -25 + 21. Let q be (0 - 11) + l/1. List the prime factors of (q/10)/((-1)/24).
2, 3
Let o = 8 - 3. Suppose s + 2*z = -7 - 1, -4*z - 16 = s. Suppose -o*k + 44 + 6 = s. What are the prime factors of k?
2, 5
Let s be (9/12*-206)/(4/(-8)). Let k = s - 149. What are the prime factors of k?
2, 5
Let d(y) = -3*y + 2*y + 5 + 2*y. Let g be d(0). Suppose g*c = 2*k + 70, -k = -c + 3*k - 4. What are the prime factors of c?
2
Let h(x) = -x**3 - 5*x**2 + 4*x + 10. Let n be h(-7). Suppose 4*p = -4*s + 80, 4*s + 3*p = -0*p + n. List the prime factors of s.
2, 5
Let y be 152/24 + (-3)/9. Suppose -150 = y*h - 9*h. What are the prime factors of h?
2, 5
Let w = -5 - -4. Let c be 2/(2 + (-1 - w)). List the prime factors of c + -4 - (8 + -36).
5
List the prime factors of -3 + (-465)/6*4/(-2).
2, 19
Let p(w) = w**3 - 24*w**2 - 57*w - 77. What are the prime factors of p(27)?
571
Let v = -19 - -29. Suppose 0 = 3*j - v - 14. Suppose 21 = -7*f + j*f. What are the prime factors of f?
3, 7
Let i = -10 + 14. What are the prime factors of (-2)/i*4 + 78?
2, 19
Suppose 21 = 9*i + 3. Suppose -i*x = 7*x - 216. List the prime factors of x.
2, 3
Let y(r) = 326*r**2 - 42*r - 1. List the prime factors of y(-2).
19, 73
Suppose 0 = 352*f - 349*f - 942. What are the prime factors of f?
2, 157
Suppose -o + 1467 = -5*u + 4*u, 0 = 5*u - 5. What are the prime factors of o?
2, 367
Suppose -76 - 39 = -5*c. Let w(u) = 4 - c*u + 20*u - 12. List the prime factors of w(-7).
13
Suppose -336 - 1225 = 7*z. Let j = z + 341. What are the prime factors of j?
2, 59
Let y = -375 - -2279. What are the prime factors of y?
2, 7, 17
Let i = -1603 + 3610. What are the prime factors of i?
3, 223
Suppose 3*q + 22 = 4*q. Let n = 51 + q. List the prime factors of n.
73
Let f(w) = w**3 - 3*w**2 + 9*w + 3. Let v be f(5). Let x = v - -46. List the prime factors of x.
2, 3
Suppose 2398 + 16243 = 7*v. List the prime factors of v.
2663
Let c be 427/11 + (-14)/(-77). Suppose 0 = -5*o + c - 9. Suppose -o*w + 10*w = 60. What are the prime factors of w?
3, 5
Let y(s) = 7*s**2 + 34*s + 125. List the prime factors of y(-16).
1373
Suppose 11*y - 5*y + 192 = 0. Let z = 112 - y. List the prime factors of z.
2, 3
Let x(m) = -m**3 + m**2 - m + 2. Let f be x(2). Let n be (f - (-20)/5) + 271. Suppose -q = 5*w - 164 - 113, -3*q + n = 5*w. List the prime factors of w.
2, 7
Let c = -81 - -89. What are the prime factors of (-1 + 2)*6/c*96?
2, 3
Let j(p) = 5*p**2 + 13*p - 79. What are the prime factors of j(12)?
797
Suppose -11 = q + 2. Let u = q - -15. Suppose 0*c + u*c - 54 = -3*o, 0 = -c + 2*o + 34. List the prime factors of c.
2, 3, 5
Suppose 878 = b + 78. List the prime factors of b.
2, 5
Suppose -22 + 7 = -3*l - 3*p, 3*l + 9 = 5*p. Suppose -y + 70 = 3*j + l*j, y - 90 = -j. What are the prime factors of y?
5, 19
Let a = -672 + 1694. What are the prime factors of a?
2, 7, 73
Suppose 5*u + 4*u = -0*u. Suppose 4*t - k - 869 + 172 = 0, 4*t - 3*k - 707 = u. List the prime factors of t.
173
Suppose 56069 + 36811 = 54*c. List the prime factors of c.
2, 5, 43
Let a = -21 - -19. Let b be a + 2912/(3 + 1). What are the prime factors of b/30 + 3/(-15)?
2, 3
Suppose 2*o - 2*u - 4 = 0, -o - 4 + 0 = -4*u. Suppose -h + 4*h + 2*j - 22 = 0, 4*j + o = 0. List the prime factors of h.
2
Let r be ((-10)/6)/(-1)*-3. Let f(s) be the second derivative of s**4/6 + 5*s**3/6 - 3*s**2/2 - 7*s. List the prime factors of f(r).
2, 11
Let j = 12 - 12. Let m be (-2 + j)/(4/(-6)). Suppose -3*n + 35 = -5*h, m*h - 51 = -5*n + 4*h. List the prime factors of n.
2, 5
Suppose 10*v + 92 = 5622. Suppose -350 + 19 = -3*t + y, y + v = 5*t. What are the prime factors of t?
3, 37
Let j(t) = -3*t**2 - 19*t + 8. Let q be j(-10). Let k = -48 - q. What are the prime factors of k?
2, 3
Let k = -85 - -103. Suppose k*c - 7*c - 2398 = 0. What are the prime factors of c?
2, 109
Suppose 7*y = 5*y + 488. Let j = y - 119. What are the prime factors of j?
5
What are the prime factors of (5291/(-11))/((-2)/4)?
2, 13, 37
Suppose -7*k + 51 = -12. Suppose 4*s = k*s - 340. List the prime factors of s.
2, 17
Let r be 56/(-12)*(-6)/7. Suppose 4*m - 408 = -r*g, 5*g - 540 = m + 4*m. What are the prime factors of g?
3, 5, 7
Let g = 24 - 14. Suppose -14 = -6*r + g. Suppose 0 = -3*s + r*s - 34. What are the prime factors of s?
2, 17
Suppose -16*i - 5308 = -57852. What are the prime factors of i?
2, 821
Let f be (-2)/((-8)/(-1740)*-3). Suppose m - f = -4*m. Suppose 5*k - 11 = m. What are the prime factors of k?
2
Suppose 5*r + 26 = 71. Let b be 126/162 + 2/r. What are the prime factors of -3 + b - (-1 - 16)?
3, 5
Suppose -4*f = -2*f + 18. Let n(s) = 2*s + 1 - 3*s - 2 - 1. What are the prime factors of n(f)?
7
Let h = 17 - 12. Let w(s) = -s**3 - 8 + 5*s - 4*s + 0*s + 7*s + h*s**2. What are the prime factors of w(6)?
2
Let n(l) = -l**2 - 9*l + 2. Let y be n(-8). Suppose 11*z - 6*z - y = 0. Suppose q = -2*c + 45, z*q + q + 9 = 0. List the prime factors of c.
2, 3
Suppose 7*b - 6165 = -8*b. List the prime factors of b.
3, 137
Suppose -4*k + 10 = k. Suppose 0 = k*f - 8 + 34. Let y = -3 - f. List the prime factors of y.
2, 5
Suppose 0 = 4*a + 5*k - 115, 4*a - 3*k + 7*k = 120. What are the prime factors of a?
5, 7
Let j(q) = 421*q**2 + 44*q - 88. What are the prime factors of j(2)?
2, 421
Let b(c) = 109*c**2 - 3*c - 2. Let l be b(-1). What are the prime factors of 11/(-33) + l/6?
2, 3
Let z(p) = p. Let m(r) = -8*r - 14. Let b(d) = m(d) - 5*z(d). List the prime factors of b(-4).
2, 19
Let y(f) = f**2 + 7*f - 10. Let x be y(4). Let l be (-12)/24 - x/(-4). Suppose 4*h + 120 = l*h. What are the prime factors of h?
2, 3, 5
Let t(n) = -4*n - 5. Let k be t(-2). Suppose 0 = 4*f - x - 33, -f - 1 = -k*x - 12. Suppose -v = -f - 15. What are the prime factors of v?
23
Suppose -5*y - 4421 = -4*l - 4*y, l - 1102 = -3*y. What are the prime factors of l?
5, 13, 17
Let d = 106 - -195. What are the prime factors of d?
7, 43
Let b(t) = -29*t + 445. List the prime factors of b(-40).
3, 5, 107
Let d(f) be the third derivative of -f**4/24 - 2*f**3 - 3*f**2. Let b be d(-7). What are the prime factors of (-6)/b - (-8)/10?
2
Let d(n) = -14*n**2 + 3*n. Let u be d(4). Let l = 381 + u. List the prime factors of l.
13
Suppose 4*a + 40 = 2*r + 2*r, 5*r = 25. Let i = 67 + a. What are the prime factors of i?
2, 31
Let h(p) = -3*p**3 - 8*p**2 - 13*p - 17. What are the prime factors of h(-4)?
3, 11
Let m(u) = 38*u + 55. What are the prime factors of m(11)?
11, 43
Suppose 0 = -2*g + 7*g. Suppose -5*q + 77 = 5*k - 3, g = 5*q + 4*k - 80. Let m = q - -8. What are the prime factors of m?
2, 3
Let f(r) = -r**3 - 8*r**2 + 8*r - 9. Let h be f(-9). List the prime factors of (30/(-9) - h)*-21.
2, 5, 7
Suppose 4*z = -3*w + 86, -4*z = -2*z + 2*w - 42. Suppose 496 = 3*g - z. List the prime factors of g.
173
Suppose -10*j + 9*j + 44 = 0. Let o = j - 29. Let r = 13 + o. List the prime factors of r.
2, 7
Suppose 726 = 4*i - 2*b, -2*b - 543 = -i - 2*i. What are the prime factors of i?
3, 61
Suppose 16 = -2*a - 60. Let l = a + 50. Suppose -4*z + 64 = 4*i + l, -z = 2*i - 26. List the prime factors of i.
13
Suppose -20*a - 2232 = -8832. List the prime factors of a.
2, 3, 5, 11
Let o be 1 - 1 - 1 - -3. Let m(s) = -10*s**2 + 3*s**o + 9*s**3 - 8*s**3 - 4*s - 5. L